hat is h(5)?
-9
Let n(t) = 70*t - 13230. What is n(259)?
4900
Let z(d) = -37912*d - 5535171. Give z(-146).
-19
Let f(t) = t**3 + 1614*t**2 - 12986*t + 55. What is f(8)?
-25
Let b(i) = -7847*i - 823956. Give b(-105).
-21
Let s(w) = -687*w**3 + 4*w**2 - 3*w - 6. Give s(-1).
688
Let g(h) = -30*h**3 + 9*h**2 - 41*h - 116. Give g(-3).
898
Let r(w) = -w**3 + 9*w**2 + 160*w - 840. Determine r(5).
60
Let n(x) = 3*x**3 - 116*x**2 + 279*x - 13. Determine n(36).
-337
Let h(v) = -78*v - 776. Determine h(7).
-1322
Let x(d) = 5*d**3 + 227*d**2 - 125*d + 599. What is x(-46)?
1
Let r(x) = x**2 - 283*x + 12652. Determine r(226).
-230
Let z(b) = -197*b**2 - 4033*b - 15250. Determine z(-5).
-10
Let s(b) = -b**3 - 70*b**2 + 303*b + 25652. Calculate s(-69).
-16
Let i(z) = -5*z**2 - 885*z - 39102. Determine i(-85).
-2
Let i(z) = 162*z**3 + 98*z**2 + 189*z - 1. Give i(-2).
-1283
Let l(y) = 2*y**2 + 616*y + 12612. Determine l(-283).
-1538
Let k(l) = -17248*l + 603531. Determine k(35).
-149
Let p(z) = -11*z**3 + 385*z**2 - 59*z + 244. Give p(35).
-1821
Let o(g) = 172*g**2 + 2653*g + 1127. What is o(-15)?
32
Let z(s) = -s**2 - 5092*s - 81216. Calculate z(-16).
0
Let h(i) = 2*i**3 - 4*i**2 - 7958*i - 39426. What is h(-5)?
14
Let y(m) = -m**3 - 1106*m**2 - 58757*m + 45155. Give y(-1050).
5
Let o(b) = -54*b**3 + 30*b**2 - 14*b - 24. Determine o(-2).
556
Let x(c) = -c**2 + 827*c + 14183. Calculate x(-17).
-165
Let q(r) = -12522*r + 50096. Determine q(4).
8
Let k(s) = -1522*s + 130953. Determine k(86).
61
Let h(n) = n**2 + 4264*n + 106091. Give h(-25).
116
Let t(r) = r**2 - 30769*r - 92295. Determine t(-3).
21
Let i(j) = 25*j**2 - 96*j - 400. Determine i(-3).
113
Let l(y) = -1030639*y + 4122559. Determine l(4).
3
Let u(h) = h**3 + 11*h**2 + 587*h - 7969. Calculate u(10).
1
Let p(i) = 294*i**2 - 33334*i + 12666. What is p(113)?
10
Let l(w) = 738709*w - 1477427. Give l(2).
-9
Let s(b) = -b**3 + 134*b**2 - 323*b + 25277. Determine s(133).
7
Let f(u) = -903*u + 16301. Calculate f(19).
-856
Let m(t) = -12*t**3 + 210*t**2 + 85*t - 39. Calculate m(18).
-453
Let u(s) = s**3 + 143*s**2 + 5193*s + 12253. What is u(-80)?
13
Let z(t) = -t**3 - 20*t**2 + 358*t + 3796. Give z(-28).
44
Let w(v) = -2360*v + 29456. What is w(13)?
-1224
Let k(b) = -1521*b - 31606. Determine k(-21).
335
Let a(l) = -l**2 + 280*l - 12571. Give a(38).
-3375
Let s(o) = o**2 - 341*o - 504573. Give s(901).
-13
Let g(p) = p**3 + 101*p**2 + 2489*p - 296. Give g(-58).
-6
Let f(l) = 912*l - 255367. Give f(280).
-7
Let r(w) = -w**3 - 400*w**2 - 2774*w + 291321. Calculate r(-391).
26
Let m(k) = -k**3 - 2*k**2 - 903*k - 1807. What is m(-2)?
-1
Let i(d) = 57*d**2 - 1223*d - 349. Give i(22).
333
Let j(g) = -1028*g - 8392. What is j(-9)?
860
Let z(m) = 5935*m + 433. What is z(0)?
433
Let j(m) = 23*m**3 + 3251*m**2 + 1178*m + 7052. Calculate j(-141).
2
Let t(u) = -8*u**2 + 126*u + 1223. Give t(19).
729
Let g(q) = 7*q**3 - 88*q**2 - 94*q + 732. Give g(13).
17
Let a(x) = -248*x + 17205. Give a(69).
93
Let s(h) = h**3 - 32*h**2 + 70*h - 270. What is s(30)?
30
Let r(g) = -5*g**2 + 270*g + 235. Give r(55).
-40
Let x(b) = 6757*b - 581103. What is x(86)?
-1
Let k(l) = -158*l - 26213. Give k(-166).
15
Let z(x) = 46887*x + 421751. Give z(-9).
-232
Let x(t) = -t**2 + 169*t + 3118. Determine x(-17).
-44
Let x(z) = -2736*z - 306595. What is x(-112)?
-163
Let u(q) = 280*q**2 + 44527*q + 81. Determine u(-159).
-1032
Let l(a) = -a**3 + 645*a**2 - 14894*a - 6223. Determine l(621).
-13
Let r(o) = 2*o**2 + 563*o - 17344. What is r(28)?
-12
Let c(q) = 54*q - 2152. What is c(40)?
8
Let k(y) = 11*y**2 + 74*y + 223. What is k(-3)?
100
Let f(l) = l**2 - 468*l + 46448. What is f(143)?
-27
Let x(d) = -2951*d + 57323. What is x(20)?
-1697
Let b(s) = -5*s**2 + 187*s - 769. Give b(39).
-1081
Let z(r) = -672*r**2 - 2644*r + 171. Give z(-4).
-5
Let i(k) = k**3 + 55*k**2 + 338*k + 15489. Determine i(-54).
153
Let x(b) = 5*b**3 - 3*b**2 + 28*b - 61. Determine x(2).
23
Let t(a) = -a**3 + 237*a**2 - 2702*a + 818. Determine t(225).
368
Let v(q) = q**2 + 1004*q - 167907. Determine v(146).
-7
Let x(a) = 18418*a + 1510284. Give x(-82).
8
Let t(b) = b**3 - 12*b**2 + 63*b - 650. Give t(11).
-78
Let s(q) = -q**3 + 442*q**2 - 46*q + 20322. What is s(442)?
-10
Let v(i) = -3*i**3 - 17*i**2 - 1132*i + 4687. Give v(4).
-305
Let y(m) = 4*m**3 + 3168*m**2 + 18*m + 14247. What is y(-792)?
-9
Let x(u) = -39641*u - 1070401. Determine x(-27).
-94
Let o(m) = -8559*m + 34203. Calculate o(4).
-33
Let a(b) = -36264*b**2 - 2248366*b + 121. Determine a(-62).
-3
Let i(o) = -2*o**3 - 356*o**2 + 31*o + 2848. What is i(-178)?
-2670
Let f(y) = -3884*y + 10144. What is f(3)?
-1508
Let a(p) = -108*p**2 - 236664*p + 157827. Give a(-2192).
3
Let p(m) = -2592*m + 88096. Give p(34).
-32
Let r(s) = -166*s - 26570. What is r(-163)?
488
Let n(s) = 2404*s**2 + 480801*s + 203. Determine n(-200).
3
Let j(f) = 2*f**3 + 26*f**2 - 17976*f - 251322. Give j(-14).
-50
Let b(o) = -o**3 - 26*o**2 + 74*o + 1994. Calculate b(-28).
1490
Let v(b) = -785*b**2 + 25929*b - 794. Determine v(33).
-2
Let t(g) = -27*g + 3282. Give t(105).
447
Let w(p) = -p**2 - 49*p + 4796. What is w(50)?
-154
Let m(u) = 18*u - 4513. What is m(-64)?
-5665
Let a(k) = k**3 + 177*k**2 + 11*k + 33523. Give a(-178).
-119
Let j(w) = -189*w - 26714. What is j(-137)?
-821
Let u(p) = p**2 - 74*p - 5465. Give u(-47).
222
Let c(b) = 516*b**2 + 2792*b + 1060. What is c(-5)?
0
Let y(g) = 757*g**2 - 30113*g - 6681. Give y(40).
-1
Let u(w) = 2*w**2 - 100*w - 65. What is u(48)?
-257
Let p(g) = 4654*g - 111652. Give p(24).
44
Let p(c) = -4*c**3 - 323*c**2 - 5180*c - 221. Calculate p(-22).
-1
Let g(n) = -664*n + 1422. What is g(4)?
-1234
Let r(y) = y**2 - 20388*y - 3060017. Determine r(-149).
-4
Let m(v) = 2*v**3 - 231*v**2 - 2109*v + 174. What is m(124)?
50
Let m(t) = 691*t - 135456. Determine m(196).
-20
Let q(x) = 35*x**3 + 1542*x**2 + 39*x - 61. Give q(-44).
2095
Let n(y) = 5435*y - 4288223. Give n(789).
-8
Let x(v) = 42*v - 10375. Determine x(247).
-1
Let t(u) = -2*u**3 + 12*u**2 + 553*u + 146. Determine t(20).
6
Let n(h) = 132*h**3 - 49*h**2 - 7*h + 3. Calculate n(1).
79
Let g(s) = 36*s**3 + 3*s**2 + 6*s - 21. Calculate g(-3).
-984
Let g(r) = 765*r - 145754. What is g(191)?
361
Let l(f) = -f**3 + 38*f**2 - 118*f + 954. Calculate l(32).
3322
Let h(u) = -1457*u + 11187. Give h(7).
988
Let u(v) = 349*v + 56989. Calculate u(-167).
-1294
Let a(n) = 7*n**2 - 1313*n - 8142. Determine a(-6).
-12
Let y(m) = 3*m**3 + 8*m**2 - 61*m - 392. Calculate y(-6).
-386
Let p(m) = m**3 + 137*m**2 - 34*m - 4142. What is p(-137)?
516
Let p(b) = 1877*b - 966650. Calculate p(515).
5
Let a(o) = o**3 + 152*o**2 - 618*o - 93973. Give a(-152).
-37
Let k(u) = 3*u**2 + 255*u + 1416. What is k(-6)?
-6
Let o(r) = -r**3 + 16*r**2 - 1052*r - 6440. Calculate o(-6).
664
Let t(d) = 1761*d + 95102. What is t(-54)?
8
Let d(y) = 40*y**2 + 55*y - 75. Give d(2).
195
Let i(q) = 4924*q + 68967. Give i(-14).
31
Let q(w) = w**3 + 8*w**2 + 213758*w + 1282480. Give q(-6).
4
Let w(z) = z**3 - 55*z**2 - 1065*z + 67722. What is w(47)?
-5
Let g(t) = t**3 + 126*t**2 + 84*t - 35057. What is g(-123)?
-2
Let h(r) = r**2 + 41*r - 42. What is h(-41)?
-42
Let r(i) = -2*i**2 + 307*i + 3669. Calculate r(164).
225
Let a(z) = -34*z**2 - 1838*z + 32404. What is a(14)?
8
Let q(h) = -9*h**2 + 3100*h - 73054. What is q(319)?
-3
Let c(l) = -15*l**2 + 52*l + 6389. Calculate c(-19).
-14
Let t(n) = n**3 + 20*n**2 + 69*n - 252. Give t(-16).
-332
Let m(y) = -12042*y - 1890609. Give m(-157).
-15
Let m(p) = -428796*p - 1286397. Give m(-3).
-9
Let f(z) = -12*z**2 - 881*z + 6760. Give f(7).
5
Let t(l) = 3*l**3 + 851*l**2 - 1144*l - 1191. What is t(-285)?
-51
Let j(r) = -r**3 - 23*r**2 - 6966*r - 41173. Give j(-6).
11
Let r(k) = 12*k**3 - 918*k**2 - 422*k - 3120. Calculate r(77).
-40
Let d(p) = -24207*p - 5277155. Determine d(-218).
-29
Let y(l) = 50*l**2 + 3403*l - 195. Calculate y(-68).
-399
Let m(z) = 50*z - 3625. What is m(58)?
-725
Let t(o) = 5*o**2 - 1150*o - 2300. Calculate t(-2).
20
Let u(r) = -4*r**2 - 314*r - 5975. What is u(-47)?
-53
Let p(r) = -r**3 - 11*r**2 + 10*r + 63. Calculate p(-10).
-137
Let h(j) = -2*j**3 - 21*j**2 + 1068*j + 11686. Give h(-11).
59
Let v(j) = -2*j**3 - 43*j**2 + j + 77. What is v(-7